(r) = r - r**3 - r**3 + 4*r + 3*r**3 + 7*r**2. Suppose k - 3*a + 15 = 0, 2*a = -2*k - 0*a - 6. List the prime factors of u(k).
2, 3
Let m(c) be the second derivative of c**4/12 - 2*c**3/3 - c**2 - 5*c. What are the prime factors of m(8)?
2, 3, 5
Let y = -26 - -64. What are the prime factors of y?
2, 19
Let a(z) = 12*z**2 + 2. What are the prime factors of a(2)?
2, 5
Suppose -5*m = 3*c - 5, -5*m = 3*c + 2*c - 15. Let p(v) be the first derivative of v**3/3 - 2*v + 1. List the prime factors of p(m).
2
Let y(s) = 74*s - 7. What are the prime factors of y(3)?
5, 43
Suppose -4*i + 0 = -b + 12, 5*b - 24 = 2*i. Let z(k) = -4*k**2 - 2*k - 2. Let x be z(i). Let o = x - -23. List the prime factors of o.
3
Let x(p) = 3*p - 1. Suppose 5*k - 3*z = -0*z - 7, 3*z = 3*k + 9. What are the prime factors of x(k)?
2
Let k be 2 + 1/((-1)/(-349)). Suppose -192 = h - j, 3*j + 53 + k = -2*h. List the prime factors of h/(-20) + (-1)/(-5).
2, 5
Suppose -6*c = -2*c - 44. Let f = c + 1. List the prime factors of f.
2, 3
Let l be (-78)/(-8) + 3/12. Let k = l - 3. What are the prime factors of k?
7
Let x = 5 + -5. Suppose -v - 2 = x, -1 = -4*q - 5*v + 21. List the prime factors of q.
2
Suppose 0 = -3*u + 5*v + 256, -6*v + 2*v + 439 = 5*u. List the prime factors of u.
3, 29
Suppose -3*l + 6*p - 4*p = -6, -4*p = -l + 2. Suppose l*u = 17 + 1. What are the prime factors of u?
3
List the prime factors of (875/21)/(-5)*9*-1.
3, 5
Let d(q) = q + 7. Let a be d(0). Let u(i) = 11 - i**2 - 26 + 8*i + 10. List the prime factors of u(a).
2
Suppose 3*a - 20 = -2*a. Let b be ((-5)/2)/((-1)/2). Suppose 0 = -2*y - 3*y + b*s - 5, -a*y + 3*s = -1. What are the prime factors of y?
2
Suppose 1 = -k + 4, 337 = 2*b + 5*k. Suppose 4*h = 5*i - b, -8*i + h + 120 = -4*i. What are the prime factors of i?
29
Let v = 16 - 14. Suppose -v*t = -t - 5. What are the prime factors of t?
5
Suppose 5*x + 4*k - 103 = 0, x - 29 = -k + 3*k. What are the prime factors of x?
23
Let n = 8 + -7. Let d = n + 16. List the prime factors of d.
17
What are the prime factors of (-70)/(-14) - 148/(-1)?
3, 17
Suppose 0 = 2*g - 16 - 26. Let j = g + -1. Let v = j + -14. What are the prime factors of v?
2, 3
Suppose 2*h = -5*x + 60, 3*h - 45 = -5*x + 4*h. Suppose -6 - x = -4*k. Suppose -5*t + c + 35 = -2*t, -2*c - 50 = -k*t. List the prime factors of t.
2, 5
Let h(t) be the third derivative of t**5/60 + t**4/24 + 4*t**3/3 + 3*t**2. Let x(j) = j**2 + j - 2. Let o be x(-2). List the prime factors of h(o).
2
Let r be (-6)/(-1 + 1 - -1). What are the prime factors of 16/r*(-3 + -15)?
2, 3
Suppose -d + 107 = -5*b, d + 4*b = 4*d - 277. What are the prime factors of d?
3, 29
Suppose -y = 3*i + 5, 0*i + 2*i = -2*y + 2. Suppose 15 = w + y*w. What are the prime factors of w*3 - 2/(-2)?
2, 5
Let o(d) = 13 + 3*d - 2*d + 0 - 2*d. List the prime factors of o(0).
13
Let p = 9 - 7. Suppose s + p*s = 15. What are the prime factors of s?
5
Let j be (-706)/6 - 16/(-24). Let l = 164 + j. List the prime factors of l.
47
Let a(u) = -u**3 + 8*u**2 + 6*u - 9. List the prime factors of a(7).
2, 41
Suppose -2*j = -v - 91 - 106, 9 = 3*v. List the prime factors of j.
2, 5
Suppose h = -4*t + 15, -4*t + 13 - 3 = 2*h. Suppose -3*d = -2*d, 5*n - 245 = t*d. What are the prime factors of n?
7
Let x(d) = d**2 - 3*d + 2. Let w be x(3). Suppose w*r - 3*r + 20 = 0. List the prime factors of (-1)/(58/r - 3).
2, 5
Let n = -71 + 103. List the prime factors of n.
2
Let s = -110 - -165. What are the prime factors of s?
5, 11
Suppose -4*q + 15 = 3*s, 2*s + q = -2*s + 7. Suppose -x + s = -4. What are the prime factors of x?
5
Let t(l) = 6*l - 5. Suppose b = 4*b - 24. What are the prime factors of t(b)?
43
Suppose 3*d = -4 + 16. Suppose -d*c - 20 + 56 = 0. What are the prime factors of c?
3
Suppose -4*r = 3*x - 20, -2*x = -3*r + 2*x - 10. Suppose 4*u = r*u + 38. List the prime factors of u.
19
Let i(v) = -8*v - 14. What are the prime factors of i(-7)?
2, 3, 7
Let g(v) = 2*v**2 - 9*v - 52. List the prime factors of g(-8).
2, 37
Let x be 53 - (8/2)/(-4). Let j be 57/(5/(-2) - -1). Let s = j + x. What are the prime factors of s?
2
Let d(y) = y**2 - 4*y - 2. Let h be d(5). Let u(j) = -j**3 + 5*j**2 - 4*j + 4. List the prime factors of u(h).
2, 5
What are the prime factors of (-29 - 2)*1/4*-12?
3, 31
Let f(u) = -4 - 3*u - 1 - 4. What are the prime factors of f(-6)?
3
Suppose 3*g - 4*u = 243, -3*g - 5*u + 139 = -g. Suppose 0*t - 20 = -t - 4*o, -g = -5*t + 3*o. List the prime factors of t.
2
Let f(v) = v**2 + 1 + 10*v - v**2 + v**2 - 2*v**2. What are the prime factors of f(8)?
17
Suppose -75 = -2*d - u, -3*d + 3*u = -72 - 18. What are the prime factors of d?
5, 7
Let w = -36 - -116. List the prime factors of w.
2, 5
Let r be 482/5 - (-2)/(-5). Suppose -s + 4*s - r = 0. What are the prime factors of s?
2
Suppose 0 = -q - 4*q + 10. Suppose -12 = -6*w + q*w. Suppose -2*k - 4*f = -6, -k = 4*f - w*f - 4. List the prime factors of k.
5
Let y be -1 + -1 + 4 + 1. Suppose y*s = 4*s + 27. Let f = -19 - s. List the prime factors of f.
2
Suppose -4*q + 387 = -3*k, -2*q + 2*k = -63 - 129. What are the prime factors of q?
3, 11
Let u(j) = -34*j - 1. List the prime factors of u(-1).
3, 11
Let i(w) = -2*w**3 - 3*w**2 - 3*w - 3. What are the prime factors of i(-2)?
7
Suppose 9 = -5*k + 29. What are the prime factors of k?
2
Suppose 0 = -f + b + 255, 7*f - 761 = 4*f + 4*b. List the prime factors of f.
7, 37
Suppose 0 = -5*h + 15. Suppose h*p + 2*p = 60. List the prime factors of p.
2, 3
What are the prime factors of (-23)/(-4) - 15/20?
5
Let p = -7 + 21. What are the prime factors of p?
2, 7
Suppose -4*r - 3*f + 348 = -0*f, -376 = -4*r + 4*f. List the prime factors of r.
2, 3, 5
Suppose 3*z - 2*o + 3*o - 977 = 0, 4*z + 3*o - 1306 = 0. List the prime factors of z.
5, 13
Suppose 3*o - 82 - 68 = 3*x, -4*x + 259 = 5*o. Let f = 84 - o. List the prime factors of f.
3, 11
Suppose 6*g + 3 = 3*g. Let j be (-6)/(-4)*(g - 1). What are the prime factors of (j/9)/(1/(-33))?
11
Suppose -2*w - 1013 = -5*t - 0*w, -3*t + 5*w + 623 = 0. List the prime factors of t.
3, 67
Let y(m) = -m + 1. Let h(d) = -d + 1. Let j be h(2). What are the prime factors of y(j)?
2
Suppose 4*o - 38 - 22 = 0. Suppose 0*v + 5*v = o. Suppose -33 = -5*f - v*d + 53, -4*f - 4*d + 72 = 0. What are the prime factors of f?
2
Let k = 3 + -5. Let i be (0 + 3)*k/(-3). Suppose c + 70 = 5*s, c + 11 = i*s + 4*c. List the prime factors of s.
13
Suppose 2*k - 12 + 1 = 5*a, a = -k + 9. What are the prime factors of k?
2
Let o = -3 - -3. Suppose 3*y = -o*y + 6. Suppose 0*i + 2*i = -y*h + 24, -2*h + 69 = 5*i. What are the prime factors of i?
3, 5
Let o = 41 + -99. Let c be o/6 - 4/(-6). Let l(m) = m**2 + 9*m + 12. What are the prime factors of l(c)?
2, 3
Let v = -266 + 479. List the prime factors of v.
3, 71
Suppose -2*i = 4*t, 5*t - 4*i + 0*i = 26. Suppose 3*l + 15 = 4*b, l + 6 - 1 = -3*b. Let y = b + t. List the prime factors of y.
2
Let u(j) be the third derivative of j**5/12 + j**4/6 + j**3 + j**2. What are the prime factors of u(-3)?
3, 13
Suppose -130 = -2*v - h + 5*h, -295 = -5*v + 4*h. What are the prime factors of v?
5, 11
Let c(x) = 7 + 2 + 11*x**2 + 4*x**2 + 3*x + x. Let b(o) = 8*o**2 + 2*o + 4. Let y(k) = 7*b(k) - 3*c(k). What are the prime factors of y(-1)?
2, 5
Let o = 4 + -4. Suppose -3*m + o*j = 3*j - 75, 5*m - 5*j - 145 = 0. What are the prime factors of m?
3
Let b be 12/(-3)*6*-2. Suppose -7*j + 3*j = -b. List the prime factors of j.
2, 3
What are the prime factors of 66/4 - (-10)/20?
17
Let n be 1 - (3 + -4 - 2). Suppose 5*p = n*p + 12. What are the prime factors of p?
2, 3
Suppose 4*u - 460 = 2*u. Suppose 0 = x - 6*x + u. What are the prime factors of x?
2, 23
Suppose -8 = 5*c - 48. Suppose -k + x - 18 = -0*k, c = 2*x. Let v = k + 27. What are the prime factors of v?
13
Let o(b) = -b**2 + 9*b + 3. Let t(n) = -n**2 + 9*n + 3. Let k(v) = -4*o(v) + 5*t(v). List the prime factors of k(7).
17
Suppose -5*h + 5 = -0. What are the prime factors of (2 + (0 - -9))*h?
11
Let o = 125 - 205. Let u = -57 - o. What are the prime factors of u?
23
Let p(o) = 3*o**3 + 3*o**2 - 2*o + 3. Let h be p(2). List the prime factors of h*-4*2/(-20).
2, 7
Suppose 14*c = 1374 + 3526. List the prime factors of c.
2, 5, 7
Let y = -100 - -220. What are the prime fa